{"id":611,"date":"2025-02-28T10:53:47","date_gmt":"2025-02-28T10:53:47","guid":{"rendered":"https:\/\/xstore.8theme.com\/elementor3\/painting-studio\/?post_type=product&#038;p=611"},"modified":"2026-02-21T21:40:23","modified_gmt":"2026-02-21T21:40:23","slug":"whispering-forest-pines","status":"publish","type":"product","link":"https:\/\/dev.fdartgallery.com\/?product=whispering-forest-pines","title":{"rendered":"&#8216;Resilience&#8217;"},"content":{"rendered":"<p>\u201c\u00c7\u00f6lde \u00c7i\u00e7ek\u201d \u2013 G\u00fcc\u00fcn ve Zarafetin Bulu\u015fmas\u0131<br \/>\nYe\u015filin g\u00fc\u00e7l\u00fc formu ile pembenin narinli\u011fi\u2026 Bu suluboya \u00e7al\u0131\u015fma, kakt\u00fcs\u00fcn dayan\u0131kl\u0131l\u0131\u011f\u0131n\u0131 ve \u00e7i\u00e7eklerin zarif enerjisini ayn\u0131 kompozisyonda bir araya getiriyor. Yumu\u015fak renk ge\u00e7i\u015fleri ve beyaz fonun ferahl\u0131\u011f\u0131, tabloya modern ve minimal bir karakter kazand\u0131r\u0131yor.<br \/>\nBu eser; zorluklar i\u00e7inde b\u00fcy\u00fcmeyi, sabr\u0131 ve umudu simgeler. Hem g\u00fc\u00e7l\u00fc hem naif bir atmosfer sunar.<br \/>\nNerede Kullanabilirsiniz?<br \/>\n* Modern ve minimal salon dekorasyonlar\u0131nda<br \/>\n* Gen\u00e7 odalar\u0131nda enerjik ve pozitif bir vurgu olarak<br \/>\n* Home office alanlar\u0131nda motivasyon kayna\u011f\u0131 olarak<br \/>\n* Mutfak veya yemek alan\u0131nda canl\u0131 bir renk dokunu\u015fu i\u00e7in<br \/>\n* Yeni ba\u015flang\u0131\u00e7 yapanlara (yeni i\u015f, yeni ev) anlaml\u0131 bir hediye olarak<br \/>\nBu tablo yaln\u0131zca bir bitki resmi de\u011fil; \u201cen zor ko\u015fullarda bile \u00e7i\u00e7ek a\u00e7abilirsin\u201d mesaj\u0131d\u0131r. Mek\u00e2na canl\u0131l\u0131k, umut ve karakter kazand\u0131r\u0131r.<\/p>\n<p>&nbsp;<\/p>\n<p><strong>Maneviyat ve g\u00fczelli\u011fi bir araya getirin!<\/strong>\u00a0Safl\u0131k ve ayd\u0131nlanman\u0131n sembol\u00fc lotus \u00e7i\u00e7ekleri, yumu\u015fak pembe tonlar\u0131yla b\u00fcy\u00fcleyici bir suluboya \u00e7al\u0131\u015fmas\u0131na d\u00f6n\u00fc\u015fm\u00fc\u015f. Meditasyon ve huzur arayan mekanlar i\u00e7in m\u00fckemmel.<\/p>\n<p>&nbsp;<\/p>\n","protected":false},"excerpt":{"rendered":"<p>\u2728\u00a0<strong>\u00d6ne \u00c7\u0131kan \u00d6zellikler:<\/strong>\u00a0Botanik detaylar, yumu\u015fak renk uyumu, manevi sembolizm. Do\u011fu felsefesi esteti\u011fi.<\/p>\n<p>\ud83c\udfaf\u00a0<strong>Hedef Alan:<\/strong>\u00a0Yoga st\u00fcdyolar\u0131, spa merkezleri, meditasyon alanlar\u0131, holistik terapi merkezleri<\/p>\n<p>\u00d6l\u00e7\u00fc:25*35 cm<\/p>\n","protected":false},"featured_media":1328,"comment_status":"open","ping_status":"closed","template":"","meta":[],"etheme_brands":[{"term_id":51,"name":"Hilal Sel\u00e7uk","slug":"hilal-selcuk","term_group":0,"term_taxonomy_id":51,"taxonomy":"brand","description":"","parent":0,"count":13,"filter":"raw"}],"product_brand":[],"product_cat":[43],"product_tag":[],"class_list":{"0":"post-611","1":"product","2":"type-product","3":"status-publish","4":"has-post-thumbnail","6":"brand-hilal-selcuk","7":"product_cat-water-color","9":"first","10":"instock","11":"shipping-taxable","12":"purchasable","13":"product-type-simple"},"jetpack_sharing_enabled":true,"_links":{"self":[{"href":"https:\/\/dev.fdartgallery.com\/index.php?rest_route=\/wp\/v2\/product\/611","targetHints":{"allow":["GET"]}}],"collection":[{"href":"https:\/\/dev.fdartgallery.com\/index.php?rest_route=\/wp\/v2\/product"}],"about":[{"href":"https:\/\/dev.fdartgallery.com\/index.php?rest_route=\/wp\/v2\/types\/product"}],"replies":[{"embeddable":true,"href":"https:\/\/dev.fdartgallery.com\/index.php?rest_route=%2Fwp%2Fv2%2Fcomments&post=611"}],"version-history":[{"count":4,"href":"https:\/\/dev.fdartgallery.com\/index.php?rest_route=\/wp\/v2\/product\/611\/revisions"}],"predecessor-version":[{"id":1800,"href":"https:\/\/dev.fdartgallery.com\/index.php?rest_route=\/wp\/v2\/product\/611\/revisions\/1800"}],"wp:featuredmedia":[{"embeddable":true,"href":"https:\/\/dev.fdartgallery.com\/index.php?rest_route=\/wp\/v2\/media\/1328"}],"wp:attachment":[{"href":"https:\/\/dev.fdartgallery.com\/index.php?rest_route=%2Fwp%2Fv2%2Fmedia&parent=611"}],"wp:term":[{"taxonomy":"brand","embeddable":true,"href":"https:\/\/dev.fdartgallery.com\/index.php?rest_route=%2Fwp%2Fv2%2Fetheme_brands&post=611"},{"taxonomy":"product_brand","embeddable":true,"href":"https:\/\/dev.fdartgallery.com\/index.php?rest_route=%2Fwp%2Fv2%2Fproduct_brand&post=611"},{"taxonomy":"product_cat","embeddable":true,"href":"https:\/\/dev.fdartgallery.com\/index.php?rest_route=%2Fwp%2Fv2%2Fproduct_cat&post=611"},{"taxonomy":"product_tag","embeddable":true,"href":"https:\/\/dev.fdartgallery.com\/index.php?rest_route=%2Fwp%2Fv2%2Fproduct_tag&post=611"}],"curies":[{"name":"wp","href":"https:\/\/api.w.org\/{rel}","templated":true}]}}