{"id":1608,"date":"2026-02-12T20:21:09","date_gmt":"2026-02-12T20:21:09","guid":{"rendered":"https:\/\/fdartgallery.com\/?post_type=product&#038;p=1608"},"modified":"2026-02-25T14:56:33","modified_gmt":"2026-02-25T14:56:33","slug":"bozcada-dolunay-altinda-sessizlik","status":"publish","type":"product","link":"https:\/\/dev.fdartgallery.com\/?product=bozcada-dolunay-altinda-sessizlik","title":{"rendered":"Muhte\u015fem Dolunay"},"content":{"rendered":"<p data-path-to-node=\"7\">Bu \u00e7al\u0131\u015fma, limandaki g\u00fcnl\u00fck ya\u015fam\u0131n s\u0131radanl\u0131\u011f\u0131n\u0131, g\u00f6ky\u00fcz\u00fcndeki devasa ve parlak bir <b data-path-to-node=\"7\" data-index-in-node=\"86\">dolunay<\/b> ile fantastik bir atmosfere d\u00f6n\u00fc\u015ft\u00fcr\u00fcyor. Sanat\u00e7\u0131, ay\u0131n dokusunu ve \u0131\u015f\u0131\u011f\u0131n\u0131 o kadar yo\u011fun bir sar\u0131-turuncu paletiyle i\u015flemi\u015f ki; bu \u0131\u015f\u0131k sadece g\u00f6ky\u00fcz\u00fcn\u00fc de\u011fil, limandaki binalar\u0131, tekneleri ve suyun y\u00fczeyini de adeta alt\u0131na boyuyor.<\/p>\n<p data-path-to-node=\"8\">Binalar\u0131n pencerelerinden s\u0131zan k\u00fc\u00e7\u00fck \u0131\u015f\u0131k noktalar\u0131 ve suyun \u00fczerindeki dikey yans\u0131malar, kompozisyona derin bir denge kat\u0131yor. Limana demirlenmi\u015f teknelerin siluetleri, g\u00f6ky\u00fcz\u00fcn\u00fcn ihti\u015fam\u0131 kar\u015f\u0131s\u0131nda dingin bir duru\u015f sergiliyor. F\u0131r\u00e7a darbelerindeki yumu\u015fak ge\u00e7i\u015fler, suyun durgunlu\u011funu ve gecenin huzurunu izleyiciye do\u011frudan hissettiriyor.<\/p>\n","protected":false},"excerpt":{"rendered":"<p>Bu tablo, odan\u0131z\u0131n t\u00fcm auras\u0131n\u0131 de\u011fi\u015ftirecek do\u011fal bir \u0131\u015f\u0131k kayna\u011f\u0131 gibi. Sanat\u00e7\u0131n\u0131n ay\u0131n o b\u00fcy\u00fcleyici \u0131\u015f\u0131\u011f\u0131n\u0131 tuvale bu kadar canl\u0131 aktarmas\u0131, mekana hem mistik bir derinlik hem de sonsuz bir huzur kat\u0131yor. Gecenin en g\u00fczel an\u0131n\u0131, dolunay\u0131n o alt\u0131n par\u0131lt\u0131s\u0131n\u0131 sonsuza dek duvar\u0131n\u0131zda tutmak istemez misiniz?<\/p>\n<p>\u00d6l\u00e7\u00fc:50x90cm<\/p>\n","protected":false},"featured_media":1551,"comment_status":"open","ping_status":"closed","template":"","meta":[],"etheme_brands":[{"term_id":54,"name":"Selin U\u00e7ar","slug":"selin-ucar","term_group":0,"term_taxonomy_id":54,"taxonomy":"brand","description":"","parent":0,"count":10,"filter":"raw"}],"product_brand":[],"product_cat":[22],"product_tag":[],"class_list":{"0":"post-1608","1":"product","2":"type-product","3":"status-publish","4":"has-post-thumbnail","6":"brand-selin-ucar","7":"product_cat-acrylic","9":"first","10":"instock","11":"shipping-taxable","12":"purchasable","13":"product-type-simple"},"jetpack_sharing_enabled":true,"_links":{"self":[{"href":"https:\/\/dev.fdartgallery.com\/index.php?rest_route=\/wp\/v2\/product\/1608","targetHints":{"allow":["GET"]}}],"collection":[{"href":"https:\/\/dev.fdartgallery.com\/index.php?rest_route=\/wp\/v2\/product"}],"about":[{"href":"https:\/\/dev.fdartgallery.com\/index.php?rest_route=\/wp\/v2\/types\/product"}],"replies":[{"embeddable":true,"href":"https:\/\/dev.fdartgallery.com\/index.php?rest_route=%2Fwp%2Fv2%2Fcomments&post=1608"}],"version-history":[{"count":4,"href":"https:\/\/dev.fdartgallery.com\/index.php?rest_route=\/wp\/v2\/product\/1608\/revisions"}],"predecessor-version":[{"id":1763,"href":"https:\/\/dev.fdartgallery.com\/index.php?rest_route=\/wp\/v2\/product\/1608\/revisions\/1763"}],"wp:featuredmedia":[{"embeddable":true,"href":"https:\/\/dev.fdartgallery.com\/index.php?rest_route=\/wp\/v2\/media\/1551"}],"wp:attachment":[{"href":"https:\/\/dev.fdartgallery.com\/index.php?rest_route=%2Fwp%2Fv2%2Fmedia&parent=1608"}],"wp:term":[{"taxonomy":"brand","embeddable":true,"href":"https:\/\/dev.fdartgallery.com\/index.php?rest_route=%2Fwp%2Fv2%2Fetheme_brands&post=1608"},{"taxonomy":"product_brand","embeddable":true,"href":"https:\/\/dev.fdartgallery.com\/index.php?rest_route=%2Fwp%2Fv2%2Fproduct_brand&post=1608"},{"taxonomy":"product_cat","embeddable":true,"href":"https:\/\/dev.fdartgallery.com\/index.php?rest_route=%2Fwp%2Fv2%2Fproduct_cat&post=1608"},{"taxonomy":"product_tag","embeddable":true,"href":"https:\/\/dev.fdartgallery.com\/index.php?rest_route=%2Fwp%2Fv2%2Fproduct_tag&post=1608"}],"curies":[{"name":"wp","href":"https:\/\/api.w.org\/{rel}","templated":true}]}}