{"id":68,"date":"2025-02-24T14:02:09","date_gmt":"2025-02-24T14:02:09","guid":{"rendered":"https:\/\/xstore.8theme.com\/elementor3\/painting-studio\/?page_id=68"},"modified":"2026-02-23T23:06:24","modified_gmt":"2026-02-23T23:06:24","slug":"about-us","status":"publish","type":"page","link":"https:\/\/dev.fdartgallery.com\/?page_id=68","title":{"rendered":"Hakk\u0131m\u0131zda"},"content":{"rendered":"\t\t<div data-elementor-type=\"wp-page\" data-elementor-id=\"68\" class=\"elementor elementor-68\" data-elementor-post-type=\"page\">\n\t\t\t\t<div class=\"elementor-element elementor-element-de4725c e-flex e-con-boxed e-con e-parent\" data-id=\"de4725c\" data-element_type=\"container\" data-e-type=\"container\">\n\t\t\t\t\t<div class=\"e-con-inner\">\n\t\t<div class=\"elementor-element elementor-element-62349a0 e-con-full e-flex e-con e-child\" data-id=\"62349a0\" data-element_type=\"container\" data-e-type=\"container\">\n\t\t\t\t<div class=\"elementor-element elementor-element-28bb438 elementor-widget elementor-widget-text-editor\" data-id=\"28bb438\" data-element_type=\"widget\" data-e-type=\"widget\" data-widget_type=\"text-editor.default\">\n\t\t\t\t\t\t\t\t\t<h3 data-path-to-node=\"4\">\u00a0FD Art Gallery<\/h3><p data-path-to-node=\"5\"><img fetchpriority=\"high\" decoding=\"async\" class=\"alignleft wp-image-1628 size-full\" src=\"https:\/\/dev.fdartgallery.com\/wp-content\/uploads\/2026\/02\/fusun-dogan-fd-sanat-merkezi.jpg\" alt=\"\" width=\"600\" height=\"656\" srcset=\"https:\/\/dev.fdartgallery.com\/wp-content\/uploads\/2026\/02\/fusun-dogan-fd-sanat-merkezi.jpg 600w, https:\/\/dev.fdartgallery.com\/wp-content\/uploads\/2026\/02\/fusun-dogan-fd-sanat-merkezi-274x300.jpg 274w, https:\/\/dev.fdartgallery.com\/wp-content\/uploads\/2026\/02\/fusun-dogan-fd-sanat-merkezi-1x1.jpg 1w, https:\/\/dev.fdartgallery.com\/wp-content\/uploads\/2026\/02\/fusun-dogan-fd-sanat-merkezi-10x10.jpg 10w\" sizes=\"(max-width: 600px) 100vw, 600px\" \/>FD Art Gallery, temelleri \u0130stanbul\u2019un k\u00f6kl\u00fc sanat duraklar\u0131ndan biri olan <b data-path-to-node=\"5\" data-index-in-node=\"74\">FD Sanat Merkezi<\/b> ile at\u0131lan, sanat\u0131n sadece seyredilen de\u011fil, bizzat deneyimlenen ve ya\u015fam alanlar\u0131na dahil edilen bir de\u011fer oldu\u011fu inanc\u0131yla kurulmu\u015ftur.<\/p><p data-path-to-node=\"6\"><b data-path-to-node=\"6\" data-index-in-node=\"0\">Biz Kimiz?<\/b> Milli E\u011fitim Bakanl\u0131\u011f\u0131\u2019na ba\u011fl\u0131 bir sanat okulu olarak y\u0131llard\u0131r Kad\u0131k\u00f6y\u2019\u00fcn kalbinde; resimden heykele, baleden m\u00fczi\u011fe kadar sanat\u0131n her dal\u0131nda binlerce \u00f6\u011frenciye rehberlik eden FD Sanat Merkezi\u2019nin vizyonunu, \u015fimdi <b data-path-to-node=\"6\" data-index-in-node=\"228\">FD Art Gallery<\/b> ile dijital d\u00fcnyaya ta\u015f\u0131yoruz. Bizim i\u00e7in sanat, bir hobi olman\u0131n \u00f6tesinde bir ya\u015fam bi\u00e7imi ve &#8220;nefes ald\u0131\u011f\u0131n\u0131z yer&#8221;dir.<\/p><p data-path-to-node=\"7\"><b data-path-to-node=\"7\" data-index-in-node=\"0\">Sanat Anlay\u0131\u015f\u0131m\u0131z<\/b> FD Art Gallery olarak, &#8220;Yetenek \u00f6\u011frenilebilir, sanat ise payla\u015f\u0131nca de\u011fer kazan\u0131r&#8221; mottosunu benimsiyoruz. Galerimizde yer alan eserler, sadece teknik bir ba\u015far\u0131n\u0131n \u00fcr\u00fcn\u00fc de\u011fil; y\u0131llar\u0131n getirdi\u011fi akademik disiplin ile \u00f6zg\u00fcr yarat\u0131c\u0131l\u0131\u011f\u0131n harmanland\u0131\u011f\u0131 \u00f6zel se\u00e7kilerdir. Sanat\u0131n ula\u015f\u0131labilir olmas\u0131 gerekti\u011fine inan\u0131yor, hem gen\u00e7 yeteneklerin eserlerini hem de usta sanat\u00e7\u0131lar\u0131n dokunu\u015flar\u0131n\u0131 koleksiyonunuza sunuyoruz.<\/p><p data-path-to-node=\"8\"><b data-path-to-node=\"8\" data-index-in-node=\"0\">Neden FD Art Gallery?<\/b><\/p><p>\u00a0<\/p><ul data-path-to-node=\"9\"><li><p data-path-to-node=\"9,0,0\"><b data-path-to-node=\"9,0,0\" data-index-in-node=\"0\">Akademik G\u00fcven:<\/b> Arkam\u0131zda y\u0131llar\u0131n e\u011fitim tecr\u00fcbesi ve FD Sanat Merkezi&#8217;nin akademik g\u00fcc\u00fc bulunmaktad\u0131r.<\/p><\/li><li><p data-path-to-node=\"9,1,0\"><b data-path-to-node=\"9,1,0\" data-index-in-node=\"0\">Se\u00e7kin Koleksiyon:<\/b> Sat\u0131\u015fa sundu\u011fumuz her eser, k\u00fcrat\u00f6rlerimizin ve sanat e\u011fitmenlerimizin titiz incelemesinden ge\u00e7erek platformumuzda yer al\u0131r.<\/p><\/li><li><p data-path-to-node=\"9,2,0\"><b data-path-to-node=\"9,2,0\" data-index-in-node=\"0\">Sanatla Ya\u015famak:<\/b> Sat\u0131n ald\u0131\u011f\u0131n\u0131z her par\u00e7a, sadece bir dekorasyon objesi de\u011fil, FD Sanat d\u00fcnyas\u0131n\u0131n bir par\u00e7as\u0131 ve hikayesidir.<\/p><\/li><\/ul><p data-path-to-node=\"10\"><b data-path-to-node=\"10\" data-index-in-node=\"0\">Sizi A\u011f\u0131rlamaktan Mutluluk Duyar\u0131z<\/b> Dijital galerimizde gezinebilir veya sanat\u0131n mutfa\u011f\u0131n\u0131 g\u00f6rmek, bir kahve e\u015fli\u011finde eserleri yerinde incelemek isterseniz bizi fiziksel konumumuzda da ziyaret edebilirsiniz.<\/p><p data-path-to-node=\"11\"><b data-path-to-node=\"11\" data-index-in-node=\"0\">Fiziksel Adresimiz:<\/b> G\u00f6ztepe, Fahrettin Kerim G\u00f6kay Cd. No: 262, 34744 Kad\u0131k\u00f6y \/ \u0130stanbul <i data-path-to-node=\"11\" data-index-in-node=\"89\">(FD Sanat Merkezi binas\u0131 i\u00e7erisinde yer almaktad\u0131r)<\/i><\/p>\t\t\t\t\t\t\t\t<\/div>\n\t\t\t\t<\/div>\n\t\t\t\t\t<\/div>\n\t\t\t\t<\/div>\n\t\t<div class=\"elementor-element elementor-element-8152ae7 e-flex e-con-boxed e-con e-parent\" data-id=\"8152ae7\" data-element_type=\"container\" data-e-type=\"container\">\n\t\t\t\t\t<div class=\"e-con-inner\">\n\t\t\t\t<div class=\"elementor-element elementor-element-af5a70b elementor-widget-divider--view-line elementor-widget elementor-widget-divider\" data-id=\"af5a70b\" data-element_type=\"widget\" data-e-type=\"widget\" data-widget_type=\"divider.default\">\n\t\t\t\t\t\t\t<div class=\"elementor-divider\">\n\t\t\t<span class=\"elementor-divider-separator\">\n\t\t\t\t\t\t<\/span>\n\t\t<\/div>\n\t\t\t\t\t\t<\/div>\n\t\t\t\t\t<\/div>\n\t\t\t\t<\/div>\n\t\t\t\t<\/div>\n\t\t","protected":false},"excerpt":{"rendered":"<p>&#8230;<\/p>\n","protected":false},"author":1,"featured_media":0,"parent":0,"menu_order":0,"comment_status":"closed","ping_status":"closed","template":"","meta":{"footnotes":""},"class_list":["post-68","page","type-page","status-publish","hentry"],"jetpack_sharing_enabled":true,"_links":{"self":[{"href":"https:\/\/dev.fdartgallery.com\/index.php?rest_route=\/wp\/v2\/pages\/68","targetHints":{"allow":["GET"]}}],"collection":[{"href":"https:\/\/dev.fdartgallery.com\/index.php?rest_route=\/wp\/v2\/pages"}],"about":[{"href":"https:\/\/dev.fdartgallery.com\/index.php?rest_route=\/wp\/v2\/types\/page"}],"author":[{"embeddable":true,"href":"https:\/\/dev.fdartgallery.com\/index.php?rest_route=\/wp\/v2\/users\/1"}],"replies":[{"embeddable":true,"href":"https:\/\/dev.fdartgallery.com\/index.php?rest_route=%2Fwp%2Fv2%2Fcomments&post=68"}],"version-history":[{"count":25,"href":"https:\/\/dev.fdartgallery.com\/index.php?rest_route=\/wp\/v2\/pages\/68\/revisions"}],"predecessor-version":[{"id":2263,"href":"https:\/\/dev.fdartgallery.com\/index.php?rest_route=\/wp\/v2\/pages\/68\/revisions\/2263"}],"wp:attachment":[{"href":"https:\/\/dev.fdartgallery.com\/index.php?rest_route=%2Fwp%2Fv2%2Fmedia&parent=68"}],"curies":[{"name":"wp","href":"https:\/\/api.w.org\/{rel}","templated":true}]}}