{"id":2,"date":"2026-01-10T22:14:36","date_gmt":"2026-01-10T22:14:36","guid":{"rendered":"https:\/\/fdartgallery.swordbros.com\/?page_id=2"},"modified":"2026-02-19T21:20:06","modified_gmt":"2026-02-19T21:20:06","slug":"sample-page","status":"publish","type":"page","link":"https:\/\/dev.fdartgallery.com\/?page_id=2","title":{"rendered":"\u00d6zel Sipari\u015f Formu"},"content":{"rendered":"\t\t<div data-elementor-type=\"wp-page\" data-elementor-id=\"2\" class=\"elementor elementor-2\" data-elementor-post-type=\"page\">\n\t\t\t\t<div class=\"elementor-element elementor-element-7d27483f e-flex e-con-boxed e-con e-parent\" data-id=\"7d27483f\" data-element_type=\"container\" data-e-type=\"container\">\n\t\t\t\t\t<div class=\"e-con-inner\">\n\t\t\t\t<div class=\"elementor-element elementor-element-39620b6b elementor-widget elementor-widget-text-editor\" data-id=\"39620b6b\" data-element_type=\"widget\" data-e-type=\"widget\" data-widget_type=\"text-editor.default\">\n\t\t\t\t\t\t\t\t\t<p style=\"text-align: left;\"><img fetchpriority=\"high\" decoding=\"async\" class=\"alignright wp-image-1722 size-full\" src=\"https:\/\/dev.fdartgallery.com\/wp-content\/uploads\/2026\/02\/Screenshot-2026-02-20-at-00.15.23.png\" alt=\"\" width=\"786\" height=\"528\" srcset=\"https:\/\/dev.fdartgallery.com\/wp-content\/uploads\/2026\/02\/Screenshot-2026-02-20-at-00.15.23.png 786w, https:\/\/dev.fdartgallery.com\/wp-content\/uploads\/2026\/02\/Screenshot-2026-02-20-at-00.15.23-600x403.png 600w, https:\/\/dev.fdartgallery.com\/wp-content\/uploads\/2026\/02\/Screenshot-2026-02-20-at-00.15.23-300x202.png 300w, https:\/\/dev.fdartgallery.com\/wp-content\/uploads\/2026\/02\/Screenshot-2026-02-20-at-00.15.23-768x516.png 768w, https:\/\/dev.fdartgallery.com\/wp-content\/uploads\/2026\/02\/Screenshot-2026-02-20-at-00.15.23-1x1.png 1w, https:\/\/dev.fdartgallery.com\/wp-content\/uploads\/2026\/02\/Screenshot-2026-02-20-at-00.15.23-10x7.png 10w\" sizes=\"(max-width: 786px) 100vw, 786px\" \/>FD Sanat Merkezi sadece kendi \u00f6\u011frencilerinin \u00e7al\u0131\u015fmalar\u0131n\u0131 sergileyen ve teklif usul\u00fc sat\u0131\u015f\u0131n\u0131 y\u00fcr\u00fcten d\u00fcnyadaki ilk galeri hesab\u0131na sahiptir. Galerimize, sanat \u00fcretimine katk\u0131da bulunmak amac\u0131yla te\u015fvik ederek destek olmak isteyen sanatseverlerin yan\u0131-s\u0131ra, evinin yada ofisinin duvarlar\u0131na ruh katarak dekorasyonunu tamamlamak isteyen \u00e7ok say\u0131da birey de ilgi g\u00f6stermektedir. Sanat\u00e7\u0131lar\u0131n ve \u00f6\u011frencilerimizin tuval \u00fczerine ya\u011fl\u0131boya, akrilik, kar\u0131\u015f\u0131k teknik, suluboya, fig\u00fcratif veya soyut orijinal resimlerine, farkl\u0131 tarz ve \u00e7ok de\u011fi\u015fik b\u00fct\u00e7elerle siz de sahip olabilirsiniz. Teklif usul\u00fc ilerleyen sat\u0131\u015f politikam\u0131zda al\u0131c\u0131lardan en \u00e7ok gelen soru \u2018nas\u0131l de\u011fer bi\u00e7ece\u011fiz?\u2019 \u015feklindedir. G\u00f6z \u00f6n\u00fcnde bulundurman\u0131z gereken maddeler s\u0131ras\u0131yla;<\/p>\n<p style=\"text-align: left;\"><!-- \/wp:paragraph --><!-- wp:paragraph --><\/p>\n<p style=\"text-align: left;\">&#8211; Eseri ne kadar sevdi\u011finiz<br \/>&#8211; Eserin i\u00e7erdi\u011fi detaylar ve tahmini emek-zaman oran\u0131<br \/>&#8211; Eserin Boyutu<br \/>&#8211; Eserin tekni\u011fi<\/p>\n<p style=\"text-align: left;\"><!-- \/wp:paragraph --><!-- wp:paragraph --><\/p>\n<p style=\"text-align: left;\">Unutmay\u0131n ki galerimizdeki \u00fcr\u00fcnler, pek \u00e7ok tablo sat\u0131\u015f sitesinde g\u00f6rd\u00fc\u011f\u00fcn\u00fcz fabrikasyon haz\u0131r bask\u0131 \u00e7al\u0131\u015fmalar de\u011fil el eme\u011fi f\u0131r\u00e7a darbelerini g\u00f6rebilece\u011finiz tazelikte orijinal \u00e7al\u0131\u015fmalard\u0131r. Bug\u00fcn ald\u0131\u011f\u0131n\u0131z eserler ya\u015fam alanlar\u0131n\u0131za de\u011fer katarken ayn\u0131 zamanda \u201cAile yadigar\u0131 tablolar\u201d olarak gelecek ku\u015faklara b\u0131rakaca\u011f\u0131n\u0131z de\u011ferlerdir. Sat\u0131n alma a\u015famalar\u0131n\u0131z gayet basit. Dilerseniz instagram sat\u0131\u015f hesab\u0131 \u00fczerinden dm ile dilerseniz whatsapp hatt\u0131m\u0131za sat\u0131n almak istedi\u011finiz \u00fcr\u00fcn kodunu girin teklifinizi iletin gelen cevaplar i\u015flemleri k\u0131sa s\u00fcrede tamamlaman\u0131z i\u00e7in sizi y\u00f6nlendirecektir.<\/p>\n<p style=\"text-align: left;\"><!-- \/wp:paragraph --><!-- wp:contact-form-7\/contact-form-selector {\"id\":64,\"hash\":\"8783421\",\"title\":\"\u00f6zel sipari\u015f formu\"} --><\/p>\n<div class=\"wp-block-contact-form-7-contact-form-selector\" style=\"text-align: left;\">\u00a0<\/div>\n<p><!-- \/wp:contact-form-7\/contact-form-selector --><\/p>\t\t\t\t\t\t\t\t<\/div>\n\t\t\t\t<div class=\"elementor-element elementor-element-17aa6dd fluentform-widget-submit-button-full-width fluent-form-widget-step-header-yes fluent-form-widget-step-progressbar-yes elementor-widget elementor-widget-fluent-form-widget\" data-id=\"17aa6dd\" data-element_type=\"widget\" data-e-type=\"widget\" data-widget_type=\"fluent-form-widget.default\">\n\t\t\t\t<div class=\"elementor-widget-container\">\n\t\t\t\t\t\n            <div class=\"fluentform-widget-wrapper fluentform-widget-align-default\">\n\n            \n            <div class='fluentform ff-default fluentform_wrapper_5 ffs_default_wrap'><form data-form_id=\"5\" id=\"fluentform_5\" class=\"frm-fluent-form fluent_form_5 ff-el-form-top ff_form_instance_5_1 ff-form-loading ffs_default\" data-form_instance=\"ff_form_instance_5_1\" method=\"POST\" ><fieldset  style=\"border: none!important;margin: 0!important;padding: 0!important;background-color: transparent!important;box-shadow: none!important;outline: none!important; min-inline-size: 100%;\">\n                    <legend class=\"ff_screen_reader_title\" style=\"display: block; margin: 0!important;padding: 0!important;height: 0!important;text-indent: -999999px;width: 0!important;overflow:hidden;\">\u00d6zel Sipari\u015f Formu<\/legend><input type='hidden' name='__fluent_form_embded_post_id' value='2' \/><input type=\"hidden\" id=\"_fluentform_5_fluentformnonce\" name=\"_fluentform_5_fluentformnonce\" value=\"92145fdfc7\" \/><input type=\"hidden\" name=\"_wp_http_referer\" value=\"\/index.php?rest_route=%2Fwp%2Fv2%2Fpages%2F2\" \/><div data-type=\"name-element\" data-name=\"names\" class=\" ff-field_container ff-name-field-wrapper\" ><div class='ff-t-container'><div class='ff-t-cell '><div class='ff-el-group  ff-el-form-top'><div class=\"ff-el-input--label ff-el-is-required asterisk-right\"><label for='ff_5_names_first_name_' id='label_ff_5_names_first_name_' >Ad\u0131n\u0131z<\/label><\/div><div class='ff-el-input--content'><input type=\"text\" name=\"names[first_name]\" id=\"ff_5_names_first_name_\" class=\"ff-el-form-control\" placeholder=\"First Name\" aria-invalid=\"false\" aria-required=true><\/div><\/div><\/div><div class='ff-t-cell '><div class='ff-el-group  ff-el-form-top'><div class=\"ff-el-input--label asterisk-right\"><label for='ff_5_names_last_name_' id='label_ff_5_names_last_name_' >Soyad\u0131n\u0131z<\/label><\/div><div class='ff-el-input--content'><input type=\"text\" name=\"names[last_name]\" id=\"ff_5_names_last_name_\" class=\"ff-el-form-control\" placeholder=\"Last Name\" aria-invalid=\"false\" aria-required=false><\/div><\/div><\/div><\/div><\/div><div class='ff-el-group'><div class=\"ff-el-input--label ff-el-is-required asterisk-right\"><label for='ff_5_email' id='label_ff_5_email' aria-label=\"Email\">Email<\/label><\/div><div class='ff-el-input--content'><input type=\"email\" name=\"email\" id=\"ff_5_email\" class=\"ff-el-form-control\" placeholder=\"Email Address\" data-name=\"email\"  aria-invalid=\"false\" aria-required=true><\/div><\/div><div class='ff-el-group'><div class=\"ff-el-input--label ff-el-is-required asterisk-right\"><label for='ff_5_phone' id='label_ff_5_phone' aria-label=\"Telefon\">Telefon<\/label><\/div><div class='ff-el-input--content'><input name=\"phone\" class=\"ff-el-form-control ff-el-phone ff_el_with_extended_validation\" type=\"tel\" placeholder=\"Mobile Number\" data-name=\"phone\" id=\"ff_5_phone\" inputmode=\"tel\"  aria-invalid='false' aria-required=true><\/div><\/div><div data-name=\"ff_cn_id_1\"  class='ff-t-container ff-column-container ff_columns_total_2 '><div class='ff-t-cell ff-t-column-1' style='flex-basis: 50%;'><div class='ff-el-group'><div class=\"ff-el-input--label ff-el-is-required asterisk-right\"><label   aria-label=\"ESER \u00d6L\u00c7\u00dcLER\u0130\">ESER \u00d6L\u00c7\u00dcLER\u0130<\/label><\/div><div class='ff-el-input--content'><div class='ff-el-form-check ff-el-form-check-'><label class='ff-el-form-check-label' for='input_radio_2_19030d43afb593b24dd563be555cc5b2'><input  type=\"radio\" name=\"input_radio_2\" data-name=\"input_radio_2\" class=\"ff-el-form-check-input ff-el-form-check-radio\" value=\"25x35\"  id='input_radio_2_19030d43afb593b24dd563be555cc5b2' aria-label='25x35' aria-invalid='false' aria-required=true> <span>25x35<\/span><\/label><\/div><div class='ff-el-form-check ff-el-form-check-'><label class='ff-el-form-check-label' for='input_radio_2_d95d3e6d582d1f902df830d24846bbad'><input  type=\"radio\" name=\"input_radio_2\" data-name=\"input_radio_2\" class=\"ff-el-form-check-input ff-el-form-check-radio\" value=\"30x30\"  id='input_radio_2_d95d3e6d582d1f902df830d24846bbad' aria-label='30x30' aria-invalid='false' aria-required=true> <span>30x30<\/span><\/label><\/div><div class='ff-el-form-check ff-el-form-check-'><label class='ff-el-form-check-label' for='input_radio_2_fcb6dcc87f59f162e068f9fe99b5fcf2'><input  type=\"radio\" name=\"input_radio_2\" data-name=\"input_radio_2\" class=\"ff-el-form-check-input ff-el-form-check-radio\" value=\"40x40\"  id='input_radio_2_fcb6dcc87f59f162e068f9fe99b5fcf2' aria-label='40x40' aria-invalid='false' aria-required=true> <span>40x40<\/span><\/label><\/div><div class='ff-el-form-check ff-el-form-check-'><label class='ff-el-form-check-label' for='input_radio_2_dcc95867cc5f6b9ce38bf7ec17d991ea'><input  type=\"radio\" name=\"input_radio_2\" data-name=\"input_radio_2\" class=\"ff-el-form-check-input ff-el-form-check-radio\" value=\"35x50\"  id='input_radio_2_dcc95867cc5f6b9ce38bf7ec17d991ea' aria-label='35x50' aria-invalid='false' aria-required=true> <span>35x50<\/span><\/label><\/div><div class='ff-el-form-check ff-el-form-check-'><label class='ff-el-form-check-label' for='input_radio_2_ac136448f7ac551ddf20e4b73a8d49b1'><input  type=\"radio\" name=\"input_radio_2\" data-name=\"input_radio_2\" class=\"ff-el-form-check-input ff-el-form-check-radio\" value=\"50x70\"  id='input_radio_2_ac136448f7ac551ddf20e4b73a8d49b1' aria-label='50x70' aria-invalid='false' aria-required=true> <span>50x70<\/span><\/label><\/div><div class='ff-el-form-check ff-el-form-check-'><label class='ff-el-form-check-label' for='input_radio_2_b39684b5078807cc16edeb15397e9a4d'><input  type=\"radio\" name=\"input_radio_2\" data-name=\"input_radio_2\" class=\"ff-el-form-check-input ff-el-form-check-radio\" value=\"60x90\"  id='input_radio_2_b39684b5078807cc16edeb15397e9a4d' aria-label='60x90' aria-invalid='false' aria-required=true> <span>60x90<\/span><\/label><\/div><div class='ff-el-form-check ff-el-form-check-'><label class='ff-el-form-check-label' for='input_radio_2_b08b2aa8a6b7c40e93d0ef8bde89b19c'><input  type=\"radio\" name=\"input_radio_2\" data-name=\"input_radio_2\" class=\"ff-el-form-check-input ff-el-form-check-radio\" value=\"70x100\"  id='input_radio_2_b08b2aa8a6b7c40e93d0ef8bde89b19c' aria-label='70x100' aria-invalid='false' aria-required=true> <span>70x100<\/span><\/label><\/div><div class='ff-el-form-check ff-el-form-check-'><label class='ff-el-form-check-label' for='input_radio_2_37f023a448361f31af484b5f0c44b658'><input  type=\"radio\" name=\"input_radio_2\" data-name=\"input_radio_2\" class=\"ff-el-form-check-input ff-el-form-check-radio\" value=\"90x120\"  id='input_radio_2_37f023a448361f31af484b5f0c44b658' aria-label='90x120' aria-invalid='false' aria-required=true> <span>90x120<\/span><\/label><\/div><div class='ff-el-form-check ff-el-form-check-'><label class='ff-el-form-check-label ff-other-option' for='input_radio_2_4205fbf34ed337a568d6ff38e4f40f4b'><input  type=\"radio\" name=\"input_radio_2\" data-name=\"input_radio_2\" class=\"ff-el-form-check-input ff-el-form-check-radio\" value=\"__ff_other_input_radio_2__\"  id='input_radio_2_4205fbf34ed337a568d6ff38e4f40f4b' aria-label='Di\u011fer' aria-invalid='false' aria-required=true> <span>Di\u011fer<\/span><\/label><\/div><div class='ff-other-input-wrapper' style='display: none; margin-top: 8px;' data-field='input_radio_2'><input type='text' name='input_radio_2__ff_other_input__' class='ff-el-form-control' placeholder='L\u00fctfen belirtiniz' value=''><\/div><\/div><\/div><\/div><div class='ff-t-cell ff-t-column-2' style='flex-basis: 50%;'><div class='ff-el-group'><div class=\"ff-el-input--label ff-el-is-required asterisk-right\"><label   aria-label=\"ESER T\u00dcR\u00dc\">ESER T\u00dcR\u00dc<\/label><\/div><div class='ff-el-input--content'><div class='ff-el-form-check ff-el-form-check-'><label class='ff-el-form-check-label' for='input_radio_3_1c301eabf90cadd996d0b5f7a59765cd'><input  type=\"radio\" name=\"input_radio_3\" data-name=\"input_radio_3\" class=\"ff-el-form-check-input ff-el-form-check-radio\" value=\"Karakalem\"  id='input_radio_3_1c301eabf90cadd996d0b5f7a59765cd' aria-label='Karakalem' aria-invalid='false' aria-required=true> <span>Karakalem<\/span><\/label><\/div><div class='ff-el-form-check ff-el-form-check-'><label class='ff-el-form-check-label' for='input_radio_3_ebbadb9db9ebaef3fdab7b381ef4c8ce'><input  type=\"radio\" name=\"input_radio_3\" data-name=\"input_radio_3\" class=\"ff-el-form-check-input ff-el-form-check-radio\" value=\"Sulu boya\"  id='input_radio_3_ebbadb9db9ebaef3fdab7b381ef4c8ce' aria-label='Sulu boya' aria-invalid='false' aria-required=true> <span>Sulu boya<\/span><\/label><\/div><div class='ff-el-form-check ff-el-form-check-'><label class='ff-el-form-check-label' for='input_radio_3_00ad61050d57dd3e634216d82167b3f9'><input  type=\"radio\" name=\"input_radio_3\" data-name=\"input_radio_3\" class=\"ff-el-form-check-input ff-el-form-check-radio\" value=\"Akrilik teknik\"  id='input_radio_3_00ad61050d57dd3e634216d82167b3f9' aria-label='Akrilik teknik' aria-invalid='false' aria-required=true> <span>Akrilik teknik<\/span><\/label><\/div><div class='ff-el-form-check ff-el-form-check-'><label class='ff-el-form-check-label' for='input_radio_3_d51f8d21d67c7b200d7d6fe2e7da572a'><input  type=\"radio\" name=\"input_radio_3\" data-name=\"input_radio_3\" class=\"ff-el-form-check-input ff-el-form-check-radio\" value=\"Ya\u011fl\u0131 boya\"  id='input_radio_3_d51f8d21d67c7b200d7d6fe2e7da572a' aria-label='Ya\u011fl\u0131 boya' aria-invalid='false' aria-required=true> <span>Ya\u011fl\u0131 boya<\/span><\/label><\/div><\/div><\/div><div class='ff-el-group ff-el-form-top'><div class=\"ff-el-input--label ff-el-is-required asterisk-right\"><label   aria-label=\"ESER\u0130N KONUSU\">ESER\u0130N KONUSU<\/label><\/div><div class='ff-el-input--content'><div class='ff-el-form-check ff-el-form-check-'><label class='ff-el-form-check-label' for='input_radio_329d402cc8a57dc1069d4353b6863fdb'><input  type=\"radio\" name=\"input_radio\" data-name=\"input_radio\" class=\"ff-el-form-check-input ff-el-form-check-radio\" value=\"Nat\u00fcrmort\"  id='input_radio_329d402cc8a57dc1069d4353b6863fdb' aria-label='Nat\u00fcrmort' aria-invalid='false' aria-required=true> <span>Nat\u00fcrmort<\/span><\/label><\/div><div class='ff-el-form-check ff-el-form-check-'><label class='ff-el-form-check-label' for='input_radio_4d3f071a62bddb646d68e178c0e82fab'><input  type=\"radio\" name=\"input_radio\" data-name=\"input_radio\" class=\"ff-el-form-check-input ff-el-form-check-radio\" value=\"Vazoda \u00e7i\u00e7ekler\"  id='input_radio_4d3f071a62bddb646d68e178c0e82fab' aria-label='Vazoda \u00e7i\u00e7ekler' aria-invalid='false' aria-required=true> <span>Vazoda \u00e7i\u00e7ekler<\/span><\/label><\/div><div class='ff-el-form-check ff-el-form-check-'><label class='ff-el-form-check-label' for='input_radio_f00d8c92c0290466399d2c7ebf2bf290'><input  type=\"radio\" name=\"input_radio\" data-name=\"input_radio\" class=\"ff-el-form-check-input ff-el-form-check-radio\" value=\"Peyzaj (Manzara Resmi)\"  id='input_radio_f00d8c92c0290466399d2c7ebf2bf290' aria-label='Peyzaj (Manzara Resmi)' aria-invalid='false' aria-required=true> <span>Peyzaj (Manzara Resmi)<\/span><\/label><\/div><div class='ff-el-form-check ff-el-form-check-'><label class='ff-el-form-check-label' for='input_radio_6031bebc4aff30fe4353ed9c0881ab71'><input  type=\"radio\" name=\"input_radio\" data-name=\"input_radio\" class=\"ff-el-form-check-input ff-el-form-check-radio\" value=\"Fig\u00fcratif (\u0130nsan ya da hayvan fig\u00fcr\u00fc)\"  id='input_radio_6031bebc4aff30fe4353ed9c0881ab71' aria-label='Fig\u00fcratif (\u0130nsan ya da hayvan fig\u00fcr\u00fc)' aria-invalid='false' aria-required=true> <span>Fig\u00fcratif (\u0130nsan ya da hayvan fig\u00fcr\u00fc)<\/span><\/label><\/div><div class='ff-el-form-check ff-el-form-check-'><label class='ff-el-form-check-label' for='input_radio_15ea8c8f675ad3185062d2b99c44b0a3'><input  type=\"radio\" name=\"input_radio\" data-name=\"input_radio\" class=\"ff-el-form-check-input ff-el-form-check-radio\" value=\"Soyut resim\"  id='input_radio_15ea8c8f675ad3185062d2b99c44b0a3' aria-label='Soyut resim' aria-invalid='false' aria-required=true> <span>Soyut resim<\/span><\/label><\/div><\/div><\/div><\/div><\/div><div class='ff-el-group'><div class=\"ff-el-input--label ff-el-is-required asterisk-right\"><label for='ff_5_image-upload_1' id='label_ff_5_image-upload_1' aria-label=\"Eseri asmak istedi\u011finiz duvar\u0131n \u00e7evresindeki e\u015fyalarla birlikte olan g\u00f6rseli y\u00fckleyiniz\">Eseri asmak istedi\u011finiz duvar\u0131n \u00e7evresindeki e\u015fyalarla birlikte olan g\u00f6rseli y\u00fckleyiniz<\/label><\/div><div class='ff-el-input--content'><label for='ff_5_image-upload_1' class='ff_file_upload_holder'><span class='ff_upload_btn ff-btn' tabindex='0'>Choose File<\/span> <input type=\"file\" name=\"image-upload\" id=\"ff_5_image-upload_1\" class=\"ff-el-form-control  ff-screen-reader-element\" accept=\"image\/*\" data-name=\"image-upload\" multiple=\"1\"  aria-invalid='false' aria-required=true><\/label><\/div><\/div><div class='ff-el-group'><div class=\"ff-el-input--label asterisk-right\"><label for='ff_5_image-upload_1_1' id='label_ff_5_image-upload_1_1' aria-label=\"Sipari\u015f olarak yapt\u0131rmak istedi\u011finiz g\u00f6rsel\">Sipari\u015f olarak yapt\u0131rmak istedi\u011finiz g\u00f6rsel<\/label><\/div><div class='ff-el-input--content'><label for='ff_5_image-upload_1_1' class='ff_file_upload_holder'><span class='ff_upload_btn ff-btn' tabindex='0'>Choose File<\/span> <input type=\"file\" name=\"image-upload_1\" id=\"ff_5_image-upload_1_1\" class=\"ff-el-form-control  ff-screen-reader-element\" accept=\"image\/*\" data-name=\"image-upload_1\" multiple=\"1\"  aria-invalid='false' aria-required=false><\/label><\/div><\/div><div class='ff-el-group'><div class=\"ff-el-input--label asterisk-right\"><label for='ff_5_description' id='label_ff_5_description' aria-label=\"Notunuz\">Notunuz<\/label><\/div><div class='ff-el-input--content'><textarea aria-required=\"false\" aria-labelledby=\"label_ff_5_description\" name=\"description\" id=\"ff_5_description\" class=\"ff-el-form-control\" rows=\"3\" cols=\"2\" data-name=\"description\" ><\/textarea><\/div><\/div><div class='ff-el-group ff-text-left ff_submit_btn_wrapper'><button type=\"submit\" class=\"ff-btn ff-btn-submit ff-btn-lg ff_btn_no_style\"  aria-label=\"Talep G\u00f6nder\">Talep G\u00f6nder<\/button><\/div><\/fieldset><\/form><div id='fluentform_5_errors' class='ff-errors-in-stack ff_form_instance_5_1 ff-form-loading_errors ff_form_instance_5_1_errors'><\/div><\/div>            <script type=\"text\/javascript\">\n                window.fluent_form_ff_form_instance_5_1 = {\"id\":\"5\",\"settings\":{\"layout\":{\"labelPlacement\":\"top\",\"asteriskPlacement\":\"asterisk-right\",\"helpMessagePlacement\":\"with_label\",\"errorMessagePlacement\":\"inline\",\"cssClassName\":\"\"},\"restrictions\":{\"denyEmptySubmission\":{\"enabled\":false}}},\"form_instance\":\"ff_form_instance_5_1\",\"form_id_selector\":\"fluentform_5\",\"rules\":{\"names[first_name]\":{\"required\":{\"value\":true,\"message\":\"This field is required\",\"global\":true,\"global_message\":\"This field is required\"}},\"names[middle_name]\":{\"required\":{\"value\":false,\"message\":\"This field is required\",\"global\":true,\"global_message\":\"This field is required\"}},\"names[last_name]\":{\"required\":{\"value\":false,\"message\":\"This field is required\",\"global\":true,\"global_message\":\"This field is required\"}},\"email\":{\"required\":{\"value\":true,\"message\":\"This field is required\",\"global\":true,\"global_message\":\"This field is required\"},\"email\":{\"value\":true,\"message\":\"This field must contain a valid email\",\"global\":true,\"global_message\":\"This field must contain a valid email\"}},\"phone\":{\"required\":{\"value\":true,\"global\":true,\"message\":\"This field is required\",\"global_message\":\"This field is required\"},\"valid_phone_number\":{\"value\":true,\"global\":true,\"message\":\"Phone number is not valid\",\"global_message\":\"Phone number is not valid\"}},\"input_radio_2\":{\"required\":{\"value\":true,\"message\":\"This field is required\",\"global_message\":\"This field is required\",\"global\":true}},\"input_radio_3\":{\"required\":{\"value\":true,\"message\":\"This field is required\",\"global_message\":\"This field is required\",\"global\":true}},\"input_radio\":{\"required\":{\"value\":true,\"message\":\"This field is required\",\"global_message\":\"This field is required\",\"global\":true}},\"image-upload\":{\"required\":{\"value\":true,\"message\":\"This field is required\",\"global_message\":\"This field is required\",\"global\":true},\"max_file_size\":{\"value\":10485760,\"_valueFrom\":\"MB\",\"message\":\"Validation fails for maximum file size\",\"global_message\":\"Validation fails for maximum file size\",\"global\":true},\"max_file_count\":{\"value\":\"1\",\"message\":\"Validation fails for maximum file count\",\"global_message\":\"Validation fails for maximum file count\",\"global\":true},\"allowed_image_types\":{\"value\":[],\"message\":\"Allowed image types does not match\",\"global_message\":\"Allowed image types does not match\",\"global\":true}},\"image-upload_1\":{\"required\":{\"value\":false,\"message\":\"This field is required\",\"global_message\":\"This field is required\",\"global\":true},\"max_file_size\":{\"value\":10485760,\"_valueFrom\":\"MB\",\"message\":\"Validation fails for maximum file size\",\"global_message\":\"Validation fails for maximum file size\",\"global\":true},\"max_file_count\":{\"value\":1,\"message\":\"Validation fails for maximum file count\",\"global_message\":\"Validation fails for maximum file count\",\"global\":true},\"allowed_image_types\":{\"value\":[],\"message\":\"Allowed image types does not match\",\"global_message\":\"Allowed image types does not match\",\"global\":true}},\"description\":{\"required\":{\"value\":false,\"message\":\"This field is required\",\"global_message\":\"This field is required\",\"global\":true}}},\"debounce_time\":300};\n                            <\/script>\n                        <\/div>\n\n            \t\t\t\t<\/div>\n\t\t\t\t<\/div>\n\t\t\t\t\t<\/div>\n\t\t\t\t<\/div>\n\t\t\t\t<\/div>\n\t\t","protected":false},"excerpt":{"rendered":"<p>&#8230;<\/p>\n","protected":false},"author":1,"featured_media":0,"parent":0,"menu_order":0,"comment_status":"closed","ping_status":"open","template":"","meta":{"footnotes":""},"class_list":["post-2","page","type-page","status-publish","hentry"],"jetpack_sharing_enabled":true,"_links":{"self":[{"href":"https:\/\/dev.fdartgallery.com\/index.php?rest_route=\/wp\/v2\/pages\/2","targetHints":{"allow":["GET"]}}],"collection":[{"href":"https:\/\/dev.fdartgallery.com\/index.php?rest_route=\/wp\/v2\/pages"}],"about":[{"href":"https:\/\/dev.fdartgallery.com\/index.php?rest_route=\/wp\/v2\/types\/page"}],"author":[{"embeddable":true,"href":"https:\/\/dev.fdartgallery.com\/index.php?rest_route=\/wp\/v2\/users\/1"}],"replies":[{"embeddable":true,"href":"https:\/\/dev.fdartgallery.com\/index.php?rest_route=%2Fwp%2Fv2%2Fcomments&post=2"}],"version-history":[{"count":31,"href":"https:\/\/dev.fdartgallery.com\/index.php?rest_route=\/wp\/v2\/pages\/2\/revisions"}],"predecessor-version":[{"id":1734,"href":"https:\/\/dev.fdartgallery.com\/index.php?rest_route=\/wp\/v2\/pages\/2\/revisions\/1734"}],"wp:attachment":[{"href":"https:\/\/dev.fdartgallery.com\/index.php?rest_route=%2Fwp%2Fv2%2Fmedia&parent=2"}],"curies":[{"name":"wp","href":"https:\/\/api.w.org\/{rel}","templated":true}]}}