{"id":1927,"date":"2026-02-22T17:07:13","date_gmt":"2026-02-22T17:07:13","guid":{"rendered":"https:\/\/fdartgallery.com\/?page_id=1927"},"modified":"2026-02-25T15:20:51","modified_gmt":"2026-02-25T15:20:51","slug":"resim-kursu-satin-al","status":"publish","type":"page","link":"https:\/\/dev.fdartgallery.com\/?page_id=1927","title":{"rendered":"Resim kursu sat\u0131n al"},"content":{"rendered":"\t\t<div data-elementor-type=\"wp-page\" data-elementor-id=\"1927\" class=\"elementor elementor-1927\" data-elementor-post-type=\"page\">\n\t\t\t\t<div class=\"elementor-element elementor-element-39237e4 e-flex e-con-boxed e-con e-parent\" data-id=\"39237e4\" data-element_type=\"container\" data-e-type=\"container\">\n\t\t\t\t\t<div class=\"e-con-inner\">\n\t\t\t\t<div class=\"elementor-element elementor-element-6e03a4e elementor-widget elementor-widget-text-editor\" data-id=\"6e03a4e\" data-element_type=\"widget\" data-e-type=\"widget\" data-widget_type=\"text-editor.default\">\n\t\t\t\t\t\t\t\t\t<p><img fetchpriority=\"high\" decoding=\"async\" class=\"alignleft wp-image-2382\" src=\"https:\/\/dev.fdartgallery.com\/wp-content\/uploads\/2026\/02\/fdsanat-yetiskin-atolyesi-7-1-766x1024.jpg\" alt=\"\" width=\"400\" height=\"535\" srcset=\"https:\/\/dev.fdartgallery.com\/wp-content\/uploads\/2026\/02\/fdsanat-yetiskin-atolyesi-7-1-766x1024.jpg 766w, https:\/\/dev.fdartgallery.com\/wp-content\/uploads\/2026\/02\/fdsanat-yetiskin-atolyesi-7-1-224x300.jpg 224w, https:\/\/dev.fdartgallery.com\/wp-content\/uploads\/2026\/02\/fdsanat-yetiskin-atolyesi-7-1-768x1027.jpg 768w, https:\/\/dev.fdartgallery.com\/wp-content\/uploads\/2026\/02\/fdsanat-yetiskin-atolyesi-7-1-1149x1536.jpg 1149w, https:\/\/dev.fdartgallery.com\/wp-content\/uploads\/2026\/02\/fdsanat-yetiskin-atolyesi-7-1-600x802.jpg 600w, https:\/\/dev.fdartgallery.com\/wp-content\/uploads\/2026\/02\/fdsanat-yetiskin-atolyesi-7-1-299x400.jpg 299w, https:\/\/dev.fdartgallery.com\/wp-content\/uploads\/2026\/02\/fdsanat-yetiskin-atolyesi-7-1-7x10.jpg 7w, https:\/\/dev.fdartgallery.com\/wp-content\/uploads\/2026\/02\/fdsanat-yetiskin-atolyesi-7-1.jpg 1440w\" sizes=\"(max-width: 400px) 100vw, 400px\" \/>\u00c7ocuk yeti\u015fkin herkesin ya\u015fam\u0131n\u0131 her anlamda renklendiren g\u00f6rsel sanatlar e\u011fitiminin (resim kurslar\u0131) tamamen yetene\u011fe ba\u011fl\u0131 olmad\u0131\u011f\u0131n\u0131 resim dersleri ile \u00f6\u011frenilebilir oldu\u011funu biliyor muydunuz?<br \/><br \/>Arad\u0131\u011f\u0131n\u0131z resim at\u00f6lyesi hangi \u00f6zellikleri ta\u015f\u0131mal\u0131, hangi resim teknikleri temel e\u011fitimde \u015fartt\u0131r? \u00c7izim dersleri alaca\u011f\u0131n\u0131z sanat merkezini ziyaret etmeden resim kursunuza karar vermeyin. Her ince ayr\u0131nt\u0131n\u0131n d\u00fc\u015f\u00fcn\u00fcld\u00fc\u011f\u00fc sanat akademimizde renklerle harika bir yolculu\u011fa \u00e7\u0131karken y\u0131l sonunda \u00e7al\u0131\u015fmalar\u0131n\u0131z sergiye \u00e7\u0131kmaktad\u0131r.<br \/><br \/>E\u011fitim almaya karar vermeden \u00f6nce pek \u00e7ok bran\u015f\u0131m\u0131zda d\u00fczenli devam eden workshoplara kat\u0131larak at\u00f6lye ortam\u0131m\u0131z\u0131 g\u00f6r\u00fcp deneyimleyebilirsiniz. D\u00fczenli olarak devam eden ve y\u00f6nergeleri uygulayan t\u00fcm \u00f6\u011frencilerimizde %100 ba\u015far\u0131 elde ediyoruz. Resim sanat\u0131n\u0131n \u00f6\u011frenilebilir oldu\u011funu ve ger\u00e7ekten isteyen her bireye \u00f6\u011fretebilece\u011fimiz konusunda iddial\u0131y\u0131z.<\/p><p>\u00a0<\/p><p>Formu doldurduktan sonra sat\u0131n alma formunda g\u00fcn\u00fc se\u00e7ebilirsiniz.<\/p>\t\t\t\t\t\t\t\t<\/div>\n\t\t\t\t\t<\/div>\n\t\t\t\t<\/div>\n\t\t<div class=\"elementor-element elementor-element-2cc53b7 e-flex e-con-boxed e-con e-parent\" data-id=\"2cc53b7\" data-element_type=\"container\" data-e-type=\"container\">\n\t\t\t\t\t<div class=\"e-con-inner\">\n\t\t\t\t<div class=\"elementor-element elementor-element-37671c6 fluent-form-widget-step-header-yes fluent-form-widget-step-progressbar-yes fluentform-widget-submit-button-custom elementor-widget elementor-widget-fluent-form-widget\" data-id=\"37671c6\" data-element_type=\"widget\" data-e-type=\"widget\" data-widget_type=\"fluent-form-widget.default\">\n\t\t\t\t<div class=\"elementor-widget-container\">\n\t\t\t\t\t\n            <div class=\"fluentform-widget-wrapper fluentform-widget-align-default\">\n\n            \n            <div class='fluentform ff-default fluentform_wrapper_8 ffs_default_wrap'><form data-form_id=\"8\" id=\"fluentform_8\" class=\"frm-fluent-form fluent_form_8 ff-el-form-top ff_form_instance_8_1 ff-form-loading ffs_default\" data-form_instance=\"ff_form_instance_8_1\" method=\"POST\" ><fieldset  style=\"border: none!important;margin: 0!important;padding: 0!important;background-color: transparent!important;box-shadow: none!important;outline: none!important; min-inline-size: 100%;\">\n                    <legend class=\"ff_screen_reader_title\" style=\"display: block; margin: 0!important;padding: 0!important;height: 0!important;text-indent: -999999px;width: 0!important;overflow:hidden;\">Resim Kurs talep formu<\/legend><input type='hidden' name='__fluent_form_embded_post_id' value='1927' \/><input type=\"hidden\" id=\"_fluentform_8_fluentformnonce\" name=\"_fluentform_8_fluentformnonce\" value=\"92145fdfc7\" \/><input type=\"hidden\" name=\"_wp_http_referer\" value=\"\/index.php?rest_route=%2Fwp%2Fv2%2Fpages%2F1927\" \/><div class='ff-el-group'><div class=\"ff-el-input--label ff-el-is-required asterisk-right\"><label for='ff_8_your-name' id='label_ff_8_your-name' >\u00d6\u011frenci Ad\u0131 Soyad\u0131<\/label><\/div><div class='ff-el-input--content'><input type=\"text\" name=\"your-name\" class=\"ff-el-form-control\" id=\"ff_8_your-name\" data-name=\"your-name\"  aria-invalid=\"false\" aria-required=true><\/div><\/div><div class='ff-el-group'><div class=\"ff-el-input--label ff-el-is-required asterisk-right\"><label for='ff_8_yas' id='label_ff_8_yas' aria-label=\"\u00d6\u011frenci Ya\u015f\u0131\">\u00d6\u011frenci Ya\u015f\u0131<\/label><\/div><div class='ff-el-input--content'><input type=\"number\" name=\"yas\" id=\"ff_8_yas\" class=\"ff-el-form-control\" data-name=\"yas\" inputmode=\"numeric\" step=\"any\" min=\"5\" aria-valuemin=\"5\" max=\"200\" aria-valuemax=\"200\"  aria-invalid=\"false\" aria-required=true><\/div><\/div><div class='ff-el-group'><div class=\"ff-el-input--label ff-el-is-required asterisk-right\"><label for='ff_8_your-email' id='label_ff_8_your-email' aria-label=\"Email Adresi\">Email Adresi<\/label><\/div><div class='ff-el-input--content'><input type=\"email\" name=\"your-email\" class=\"ff-el-form-control\" id=\"ff_8_your-email\" data-name=\"your-email\"  aria-invalid=\"false\" aria-required=true><\/div><\/div><div class='ff-el-group'><div class=\"ff-el-input--label ff-el-is-required asterisk-right\"><label for='ff_8_phone' id='label_ff_8_phone' aria-label=\"\u00d6\u011frenci Telefonu\">\u00d6\u011frenci Telefonu<\/label><\/div><div class='ff-el-input--content'><input name=\"phone\" class=\"ff-el-form-control ff-el-phone ff_el_with_extended_validation\" type=\"tel\" placeholder=\"Mobile Number\" data-name=\"phone\" id=\"ff_8_phone\" inputmode=\"tel\"  aria-invalid='false' aria-required=true><\/div><\/div><div class='ff-el-group'><div class=\"ff-el-input--label ff-el-is-required asterisk-right\"><label for='ff_8_your-address' id='label_ff_8_your-address' aria-label=\"Adres\">Adres<\/label><\/div><div class='ff-el-input--content'><input type=\"text\" name=\"your-address\" class=\"ff-el-form-control\" id=\"ff_8_your-address\" data-name=\"your-address\"  aria-invalid=\"false\" aria-required=true><\/div><\/div><div class='ff-el-group'><div class=\"ff-el-input--label asterisk-right\"><label for='ff_8_your-message' id='label_ff_8_your-message' aria-label=\"Notunuz (optional)\">Notunuz (optional)<\/label><\/div><div class='ff-el-input--content'><textarea aria-required=\"false\" aria-labelledby=\"label_ff_8_your-message\" name=\"your-message\" class=\"ff-el-form-control\" id=\"ff_8_your-message\" cols=\"2\" data-name=\"your-message\" ><\/textarea><\/div><\/div><div class='ff-el-group'><div class=\"ff-el-input--label asterisk-right\"><label for='ff_8_datetime' id='label_ff_8_datetime' aria-label=\"Tarih\">Tarih<\/label><div class=\"ff-el-tooltip\" data-content=\"Kurs olan g\u00fcnler sadece gelmektedir... Ba\u015flayabilece\u011finiz g\u00fcn\u00fc se\u00e7ebilirsiniz.\"><svg width=\"16\" height=\"16\" viewBox=\"0 0 25 25\"><path d=\"m329 393l0-46c0-2-1-4-2-6-2-2-4-3-7-3l-27 0 0-146c0-3-1-5-3-7-2-1-4-2-7-2l-91 0c-3 0-5 1-7 2-1 2-2 4-2 7l0 46c0 2 1 5 2 6 2 2 4 3 7 3l27 0 0 91-27 0c-3 0-5 1-7 3-1 2-2 4-2 6l0 46c0 3 1 5 2 7 2 1 4 2 7 2l128 0c3 0 5-1 7-2 1-2 2-4 2-7z m-36-256l0-46c0-2-1-4-3-6-2-2-4-3-7-3l-54 0c-3 0-5 1-7 3-2 2-3 4-3 6l0 46c0 3 1 5 3 7 2 1 4 2 7 2l54 0c3 0 5-1 7-2 2-2 3-4 3-7z m182 119c0 40-9 77-29 110-20 34-46 60-80 80-33 20-70 29-110 29-40 0-77-9-110-29-34-20-60-46-80-80-20-33-29-70-29-110 0-40 9-77 29-110 20-34 46-60 80-80 33-20 70-29 110-29 40 0 77 9 110 29 34 20 60 46 80 80 20 33 29 70 29 110z\" transform=\"scale(0.046875 0.046875)\"><\/path><\/svg><\/div><\/div><div class='ff-el-input--content'><input  aria-label='Tarih Use arrow keys to navigate dates. Press enter to select a date.'  aria-haspopup='dialog' data-type-datepicker data-format='d\/m\/Y' type=\"text\" name=\"datetime\" id=\"ff_8_datetime\" class=\"ff-el-form-control ff-el-datepicker\" data-name=\"datetime\"  aria-invalid='false' aria-required=false><\/div><\/div><div class='ff-el-group ff-text-left ff_submit_btn_wrapper'><button type=\"submit\" class=\"ff-btn ff-btn-submit ff-btn-md ff_btn_style\"  aria-label=\"Sat\u0131n almak i\u00e7in devam et&gt;\">Sat\u0131n almak i\u00e7in devam et&gt;<\/button><\/div><\/fieldset><\/form><div id='fluentform_8_errors' class='ff-errors-in-stack ff_form_instance_8_1 ff-form-loading_errors ff_form_instance_8_1_errors'><\/div><\/div>            <script type=\"text\/javascript\">\n                window.fluent_form_ff_form_instance_8_1 = {\"id\":\"8\",\"settings\":{\"layout\":{\"labelPlacement\":\"top\",\"asteriskPlacement\":\"asterisk-right\",\"helpMessagePlacement\":\"with_label\",\"errorMessagePlacement\":\"inline\",\"cssClassName\":\"\"},\"restrictions\":{\"denyEmptySubmission\":{\"enabled\":false}}},\"form_instance\":\"ff_form_instance_8_1\",\"form_id_selector\":\"fluentform_8\",\"rules\":{\"your-name\":{\"required\":{\"value\":true,\"message\":\"This field is required\",\"global\":false,\"global_message\":\"This field is required\"}},\"yas\":{\"required\":{\"value\":true,\"message\":\"This field is required\",\"global\":false,\"global_message\":\"This field is required\"},\"numeric\":{\"value\":true,\"message\":\"This field must contain numeric value\",\"global\":false,\"global_message\":\"This field must contain numeric value\"},\"min\":{\"value\":\"5\",\"message\":\"Minimum value is 5\",\"global\":false,\"global_message\":\"Validation fails for minimum value\"},\"max\":{\"value\":\"200\",\"message\":\"Maximum value is 200\",\"global\":false,\"global_message\":\"Validation fails for maximum value\"}},\"your-email\":{\"required\":{\"value\":true,\"message\":\"This field is required\",\"global\":false,\"global_message\":\"This field is required\"},\"email\":{\"value\":1,\"message\":\"This field must contain a valid email\",\"global\":false,\"global_message\":\"This field must contain a valid email\"}},\"phone\":{\"required\":{\"value\":true,\"global\":true,\"message\":\"This field is required\",\"global_message\":\"This field is required\"},\"valid_phone_number\":{\"value\":true,\"global\":true,\"message\":\"Phone number is not valid\",\"global_message\":\"Phone number is not valid\"}},\"your-address\":{\"required\":{\"value\":true,\"message\":\"This field is required\",\"global\":false,\"global_message\":\"This field is required\"}},\"your-message\":{\"required\":{\"value\":false,\"message\":\"This field is required\",\"global\":false,\"global_message\":\"This field is required\"}},\"datetime\":{\"required\":{\"value\":false,\"message\":\"This field is required\",\"global_message\":\"This field is required\",\"global\":true}}},\"debounce_time\":300};\n                            <\/script>\n                        <\/div>\n\n            \t\t\t\t<\/div>\n\t\t\t\t<\/div>\n\t\t\t\t\t<\/div>\n\t\t\t\t<\/div>\n\t\t\t\t<\/div>\n\t\t","protected":false},"excerpt":{"rendered":"<p>&#8230;<\/p>\n","protected":false},"author":1,"featured_media":0,"parent":0,"menu_order":0,"comment_status":"closed","ping_status":"closed","template":"","meta":{"footnotes":""},"class_list":["post-1927","page","type-page","status-publish","hentry"],"jetpack_sharing_enabled":true,"_links":{"self":[{"href":"https:\/\/dev.fdartgallery.com\/index.php?rest_route=\/wp\/v2\/pages\/1927","targetHints":{"allow":["GET"]}}],"collection":[{"href":"https:\/\/dev.fdartgallery.com\/index.php?rest_route=\/wp\/v2\/pages"}],"about":[{"href":"https:\/\/dev.fdartgallery.com\/index.php?rest_route=\/wp\/v2\/types\/page"}],"author":[{"embeddable":true,"href":"https:\/\/dev.fdartgallery.com\/index.php?rest_route=\/wp\/v2\/users\/1"}],"replies":[{"embeddable":true,"href":"https:\/\/dev.fdartgallery.com\/index.php?rest_route=%2Fwp%2Fv2%2Fcomments&post=1927"}],"version-history":[{"count":7,"href":"https:\/\/dev.fdartgallery.com\/index.php?rest_route=\/wp\/v2\/pages\/1927\/revisions"}],"predecessor-version":[{"id":2385,"href":"https:\/\/dev.fdartgallery.com\/index.php?rest_route=\/wp\/v2\/pages\/1927\/revisions\/2385"}],"wp:attachment":[{"href":"https:\/\/dev.fdartgallery.com\/index.php?rest_route=%2Fwp%2Fv2%2Fmedia&parent=1927"}],"curies":[{"name":"wp","href":"https:\/\/api.w.org\/{rel}","templated":true}]}}